11100
In base 13, what is -4c720 - 1?
-4c721
In base 14, what is 2a94 - -3?
2a97
In base 7, what is 16 + 363?
412
In base 9, what is 3 + 15668?
15672
In base 14, what is 170b - -6?
1713
In base 15, what is -2087 - 8?
-2090
In base 15, what is 39a + 246?
5e1
In base 13, what is -398 + 3a4a?
3682
In base 7, what is -3 - -440050?
440044
In base 14, what is -2a6a - 3c?
-2aa8
In base 5, what is 13314021 - -4?
13314030
In base 5, what is 1021 + -4433?
-3412
In base 2, what is -1000000011 - -1101110010?
101101111
In base 9, what is 136 + 25?
162
In base 16, what is -a9 + 20e6?
203d
In base 9, what is -2718 + -13?
-2732
In base 3, what is -2002012 - -212?
-2001100
In base 5, what is 4 + -314433?
-314424
In base 2, what is 1000101 + -100010001001001?
-100010000000100
In base 6, what is -44421 - -3?
-44414
In base 14, what is -131 + -2d9a?
-30cb
In base 6, what is 13 - 2512?
-2455
In base 9, what is -264 + -338?
-613
In base 8, what is -4 - -176447?
176443
In base 6, what is 203 + -1123?
-520
In base 15, what is 10081 - 1e?
10062
In base 16, what is 9b13 - 1b?
9af8
In base 13, what is 31129 + -4?
31125
In base 10, what is 9779 - 125?
9654
In base 5, what is 314100 - 0?
314100
In base 2, what is 11 + -1100111111111010111?
-1100111111111010100
In base 9, what is -37806 - 1?
-37807
In base 10, what is 143320 + 3?
143323
In base 4, what is 3320 + -1113?
2201
In base 2, what is -1110 - -10111100110?
10111011000
In base 11, what is 5 + 159a8?
15a02
In base 9, what is -483 - -16?
-466
In base 13, what is -5438 - 8?
-5443
In base 2, what is -11101 - 110000100?
-110100001
In base 16, what is 816 - -1f?
835
In base 10, what is 7998 + 87?
8085
In base 2, what is -110000100 + 10001?
-101110011
In base 11, what is 624 - -a97?
1610
In base 2, what is 0 + -101000011001?
-101000011001
In base 7, what is -346 - 34212?
-34561
In base 12, what is -2b + 3783?
3754
In base 8, what is 11 - 104074?
-104063
In base 12, what is -3 + -2b627?
-2b62a
In base 14, what is -64aba - 1?
-64abb
In base 14, what is -557 + -21?
-578
In base 15, what is eca + 7?
ed2
In base 4, what is -202130 - 100?
-202230
In base 12, what is 8 - -6a0a?
6a16
In base 16, what is -f + 795a?
794b
In base 13, what is -3b + 3368?
332a
In base 5, what is -1230 + 122?
-1103
In base 9, what is -5 - 8402?
-8407
In base 10, what is 97726 - -8?
97734
In base 13, what is 980 - -1a6?
b56
In base 12, what is -2 + -87295?
-87297
In base 7, what is 3151132 - 0?
3151132
In base 4, what is 211233 - -110022?
321321
In base 2, what is -10101001 - -100101001?
10000000
In base 4, what is 320 + -3011000?
-3010020
In base 12, what is a99 + -a3?
9b6
In base 4, what is -20000022 - 10?
-20000032
In base 10, what is -113 - 348?
-461
In base 3, what is -11 - -212000001?
211222220
In base 15, what is -425 + 2a?
-3ea
In base 3, what is -12 + -1100012210?
-1100012222
In base 7, what is -5 - -20666?
20661
In base 4, what is 310 + -303122?
-302212
In base 5, what is 121440432 + -3?
121440424
In base 7, what is 2263130 - 4?
2263123
In base 2, what is 101011010110 + 1010011101?
110101110011
In base 6, what is -40 + -221552?
-222032
In base 11, what is 1 + -25346?
-25345
In base 4, what is 2 + 312012301?
312012303
In base 12, what is -8 + 8151?
8145
In base 15, what is 21 + ebd?
ede
In base 4, what is -11021120 - 2?
-11021122
In base 2, what is 101010110 + -11010110?
10000000
In base 8, what is 4 - -35521?
35525
In base 9, what is -1313 + -3?
-1316
In base 14, what is -4d86 - -2?
-4d84
In base 9, what is 4 + 461211?
461215
In base 4, what is 2320102 - 21?
2320021
In base 15, what is -3a8 + 122?
-286
In base 9, what is -54 + -7301?
-7355
In base 3, what is -2100021 + 10?
-2100011
In base 11, what is 1 - -911a?
9120
In base 12, what is 433 - -bab?
1422
In base 9, what is -2 - 22466?
-22468
In base 4, what is 2103310 - 3?
2103301
In base 6, what is 4 - -31051?
31055
In base 3, what is 2102 + -10001?
-122
In base 15, what is -1 + 14276?
14275
In base 10, what is -1876 + -20?
-1896
In base 16, what is 1 + -37cd?
-37cc
In base 12, what is -323a1 - 3?
-323a4
In base 5, what is 21442444 - 10?
21442434
In base 8, what is 1 + -213014?
-213013
In base 13, what is 1756 + 33?
1789
In base 10, what is -115870 - 1?
-115871
In base 10, what is -10 - -52?
42
In base 6, what is -3355035 + -12?
-3355051
In base 3, what is -1 + -20110220120?
-20110220121
In base 5, what is -4 + 14131033?
14131024
In base 13, what is 32c73 + -1?
32c72
In base 8, what is -10625 + 600?
-10025
In base 15, what is -38 + -747b?
-74b4
In base 10, what is 1 - -78650?
78651
In base 6, what is 124325454 + 2?
124325500
In base 9, what is 3644 + -830?
2714
In base 2, what is -11101 + 1011001000001?
1011000100100
In base 12, what is 1 - 1126?
-1125
In base 15, what is -19051 - -9?
-19047
In base 7, what is -410111 + 3?
-410105
In base 13, what is -7 - 1580?
-1587
In base 14, what is -249 - 50?
-299
In base 8, what is -1 + -664?
-665
In base 14, what is 56 + -1537?
-14c1
In base 15, what is -2 + ab1a1?
ab19e
In base 7, what is -601044 - 14?
-601061
In base 9, what is -5 + 22287?
22282
In base 16, what is -44a0a9 + 3?
-44a0a6
In base 14, what is -47c - 9?
-487
In base 7, what is 11 - 135030?
-135016
In base 8, what is -35 + -1034?
-1071
In base 8, what is -1 + -1622757?
-1622760
In base 7, what is -6041 - 1656?
-11030
In base 6, what is 5 + -13055253?
-13055244
In base 12, what is -590 - -96?
-4b6
In base 2, what is 1110101100100111010 + 1?
1110101100100111011
In base 11, what is -1 + -3684?
-3685
In base 14, what is 83b71 + c?
83b7d
In base 2, what is -11101011 - 11111000?
-111100011
In base 11, what is 89 - -1831?
190a
In base 4, what is -1 - 3201002?
-3201003
In base 13, what is 54bba - -24?
54c11
In base 14, what is 28 + -713c?
-7114
In base 14, what is -4 - -1418?
1414
In base 4, what is -110332222 + -22?
-110332310
In base 6, what is -11 - -1023505?
1023454
In base 16, what is 5 + 5999e?
599a3
In base 14, what is -2771 + 11?
-2760
In base 9, what is 4 - 310851?
-310846
In base 11, what is 6826a + -3?
68267
In base 9, what is 36272 + -2?
36270
In base 7, what is 1105 - -36200?
40305
In base 15, what is 0 - 53ae?
-53ae
In base 4, what is -1010023 + 2?
-1010021
In base 13, what is -229a6 + 3?
-229a3
In base 9, what is 4531 + 574?
5215
In base 3, what is -112120 + -101121?
-221011
In base 14, what is 8b - -9b7c?
9c29
In base 9, what is 2352 - 305?
2046
In base 7, what is -3142 - -113?
-3026
In base 3, what is -11000200 - 10?
-11000210
In base 15, what is 4005 - -14?
4019
In base 14, what is -1b429 + -6?
-1b431
In base 14, what is -19 - 123b?
-1256
In base 7, what is -20030 + -21?
-20051
In base 15, what is -abc3 + -99?
-ac6c
In base 13, what is -16 + 2a45?
2a2c
In base 8, what is -640 - 111?
-751
In base 3, what is 11 + -22121110?
-22121022
In base 14, what is bd55 - -17?
bd6c
In base 12, what is -57 - 22a7?
-2342
In base 8, what is 2044 + -31?
2013
In base 4, what is 31 - 3103210?
-3103113
In base 4, what is 21023223 + 2?
21023231
In base 7, what is -55425 - -622?
-54503
In base 6, what is 1124 - 231?
453
In base 11, what is 666 + -22?
644
In base 4, what is -20 + -201001?
-201021
In base 13, what is 274 - 20c?
65
In base 2, what is -101100000111 + 1001101?
-101010111010
In base 15, what is -125e - 1?
-1260
In base 5, what is -3411 - 200?
-4111
In base 8, what is 33 - 16164?
-16131
In base 6, what is 2 + 5312050?
5312052
In base 7, what is -4004100 - -16?
-4004051
In base 9, what is 5 - -114?
120
In base 10, what is 1106 - -4705?
5811
In base 3, what is 120022001 - -21202?
120120210
In base 8, what is -1270 - -1?
-1267
In base 5, what is 3010304 + -30?
3010224
In base 14, what is -1 + 4c23?
4c22
In base 10, what is 6 - 16902?
-16896
In base 12, what is 149 - 67a?
-531
In base 4, what is 103030021 + 2?
103030023
In base 13, what is 237 - 669?
-432
In base 4, what is 10001211231 - 2?
10001211223
In base 13, what is 2c8 - 211?
b7
In base 12, what is 1 + 40127?
40128
In base 13, what is 3138c - -14?
313a3
In base 9, what is 76 - 22782?
-22705
In base 4, what is 23 - -132023202?
132023231
In base 14, what is -5 + -1700?
-1705
In base 7, what is -211 + -5103?
-5314
In base 12, what is -60 - -545?
4a5
In base 7, what is -2 + 114420?
114415
In base 16, what is -2 - 6731a?
-6731c
In base 11, w